{"id":59,"date":"2020-10-26T09:38:33","date_gmt":"2020-10-26T09:38:33","guid":{"rendered":"https:\/\/logistik-kontor.com\/?page_id=59"},"modified":"2020-10-26T09:47:10","modified_gmt":"2020-10-26T09:47:10","slug":"unsere-leistungen","status":"publish","type":"page","link":"https:\/\/www.logistik-kontor.com\/?page_id=59","title":{"rendered":"Unsere Leistungen"},"content":{"rendered":"\n<p>Unser Kerngesch\u00e4ft ist die bundesweite Abholung von Verpackungsabf\u00e4llen von den Umschlagpl\u00e4tzen und die termingerechte Anlieferung bei den Sortieranlagen.<\/p>\n\n\n\n<p>Die Frachtleistung erbringen unsere Dienstleister, die sich \u00fcber die Jahre als zuverl\u00e4ssige Partner erwiesen haben.<\/p>\n\n\n\n<p>Bei ausgew\u00e4hlten Fraktionen sorgen wir nach der Sortierung auch f\u00fcr die Abholung und Verwertung nach Vorgaben des VerpackG und den Anforderungen des Mengenstromnachweises. Hier liegt unser Schwerpunkt auf der energetischen Verwertung.<\/p>\n","protected":false},"excerpt":{"rendered":"<p>Unser Kerngesch\u00e4ft ist die bundesweite Abholung von Verpackungsabf\u00e4llen von den Umschlagpl\u00e4tzen und die termingerechte Anlieferung bei den Sortieranlagen. Die Frachtleistung erbringen unsere Dienstleister, die sich \u00fcber die Jahre als zuverl\u00e4ssige Partner erwiesen haben. Bei ausgew\u00e4hlten Fraktionen sorgen wir nach der Sortierung auch f\u00fcr die Abholung und Verwertung nach Vorgaben des VerpackG und den Anforderungen des &hellip; <\/p>\n<p class=\"link-more\"><a href=\"https:\/\/www.logistik-kontor.com\/?page_id=59\" class=\"more-link\"><span class=\"screen-reader-text\">\u201eUnsere Leistungen\u201c<\/span> weiterlesen<\/a><\/p>\n","protected":false},"author":2,"featured_media":0,"parent":0,"menu_order":0,"comment_status":"closed","ping_status":"closed","template":"","meta":[],"_links":{"self":[{"href":"https:\/\/www.logistik-kontor.com\/index.php?rest_route=\/wp\/v2\/pages\/59"}],"collection":[{"href":"https:\/\/www.logistik-kontor.com\/index.php?rest_route=\/wp\/v2\/pages"}],"about":[{"href":"https:\/\/www.logistik-kontor.com\/index.php?rest_route=\/wp\/v2\/types\/page"}],"author":[{"embeddable":true,"href":"https:\/\/www.logistik-kontor.com\/index.php?rest_route=\/wp\/v2\/users\/2"}],"replies":[{"embeddable":true,"href":"https:\/\/www.logistik-kontor.com\/index.php?rest_route=%2Fwp%2Fv2%2Fcomments&post=59"}],"version-history":[{"count":2,"href":"https:\/\/www.logistik-kontor.com\/index.php?rest_route=\/wp\/v2\/pages\/59\/revisions"}],"predecessor-version":[{"id":68,"href":"https:\/\/www.logistik-kontor.com\/index.php?rest_route=\/wp\/v2\/pages\/59\/revisions\/68"}],"wp:attachment":[{"href":"https:\/\/www.logistik-kontor.com\/index.php?rest_route=%2Fwp%2Fv2%2Fmedia&parent=59"}],"curies":[{"name":"wp","href":"https:\/\/api.w.org\/{rel}","templated":true}]}}

<p>Unser Kerngeschäft ist die bundesweite Abholung von Verpackungsabfällen von den Umschlagplätzen und die termingerechte Anlieferung bei den Sortieranlagen.</p>



<p>Die Frachtleistung erbringen unsere Dienstleister, die sich über die Jahre als zuverlässige Partner erwiesen haben.</p>



<p>Bei ausgewählten Fraktionen sorgen wir nach der Sortierung auch für die Abholung und Verwertung nach Vorgaben des VerpackG und den Anforderungen des Mengenstromnachweises. Hier liegt unser Schwerpunkt auf der energetischen Verwertung.</p>

<p>Unser Kerngeschäft ist die bundesweite Abholung von Verpackungsabfällen von den Umschlagplätzen und die termingerechte Anlieferung bei den Sortieranlagen. Die Frachtleistung erbringen unsere Dienstleister, die sich über die Jahre als zuverlässige Partner erwiesen haben. Bei ausgewählten Fraktionen sorgen wir nach der Sortierung auch für die Abholung und Verwertung nach Vorgaben des VerpackG und den Anforderungen des &hellip; </p>
<p class="link-more"><a href="https://www.logistik-kontor.com/?page_id=59" class="more-link"><span class="screen-reader-text">„Unsere Leistungen“</span> weiterlesen</a></p>
